 the units digit of 781?
1
What is the thousands digit of 38042?
8
What is the units digit of 34108?
8
What is the hundreds digit of 1397?
3
What is the units digit of 648?
8
What is the units digit of 374?
4
What is the thousands digit of 1788?
1
What is the thousands digit of 1915?
1
What is the tens digit of 866?
6
What is the units digit of 91?
1
What is the units digit of 31841?
1
What is the hundreds digit of 134?
1
What is the thousands digit of 4672?
4
What is the tens digit of 4526?
2
What is the tens digit of 3814?
1
What is the units digit of 1658?
8
What is the hundreds digit of 102404?
4
What is the thousands digit of 10516?
0
What is the units digit of 11209?
9
What is the tens digit of 365?
6
What is the tens digit of 28541?
4
What is the ten thousands digit of 14267?
1
What is the thousands digit of 1209?
1
What is the ten thousands digit of 35172?
3
What is the thousands digit of 39882?
9
What is the units digit of 1445?
5
What is the hundreds digit of 982?
9
What is the hundreds digit of 2432?
4
What is the tens digit of 13977?
7
What is the units digit of 10079?
9
What is the hundreds digit of 13996?
9
What is the hundreds digit of 14513?
5
What is the tens digit of 514?
1
What is the thousands digit of 25979?
5
What is the tens digit of 4067?
6
What is the thousands digit of 20851?
0
What is the thousands digit of 46860?
6
What is the hundreds digit of 911?
9
What is the hundreds digit of 6681?
6
What is the tens digit of 19130?
3
What is the tens digit of 471?
7
What is the units digit of 949?
9
What is the hundreds digit of 593?
5
What is the thousands digit of 3957?
3
What is the units digit of 2045?
5
What is the tens digit of 383?
8
What is the hundreds digit of 4331?
3
What is the thousands digit of 1745?
1
What is the units digit of 1276?
6
What is the units digit of 903?
3
What is the tens digit of 20538?
3
What is the hundreds digit of 2787?
7
What is the tens digit of 43688?
8
What is the units digit of 6901?
1
What is the hundreds digit of 54618?
6
What is the tens digit of 7987?
8
What is the tens digit of 40703?
0
What is the tens digit of 3145?
4
What is the hundreds digit of 22328?
3
What is the tens digit of 37821?
2
What is the units digit of 379?
9
What is the thousands digit of 15036?
5
What is the hundreds digit of 4780?
7
What is the tens digit of 114290?
9
What is the tens digit of 18232?
3
What is the ten thousands digit of 18515?
1
What is the thousands digit of 7097?
7
What is the tens digit of 98675?
7
What is the hundreds digit of 10706?
7
What is the hundreds digit of 2697?
6
What is the units digit of 1970?
0
What is the tens digit of 1607?
0
What is the hundreds digit of 25841?
8
What is the units digit of 4362?
2
What is the tens digit of 103?
0
What is the hundreds digit of 2642?
6
What is the tens digit of 1766?
6
What is the tens digit of 57513?
1
What is the units digit of 934?
4
What is the units digit of 22692?
2
What is the tens digit of 9920?
2
What is the units digit of 785?
5
What is the ten thousands digit of 12399?
1
What is the hundreds digit of 816?
8
What is the hundreds digit of 20975?
9
What is the units digit of 2747?
7
What is the units digit of 777?
7
What is the thousands digit of 11602?
1
What is the tens digit of 8643?
4
What is the hundreds digit of 8167?
1
What is the units digit of 11710?
0
What is the hundreds digit of 38181?
1
What is the units digit of 1643?
3
What is the tens digit of 970?
7
What is the units digit of 1874?
4
What is the tens digit of 29520?
2
What is the hundreds digit of 9737?
7
What is the ten thousands digit of 44448?
4
What is the ten thousands digit of 80924?
8
What is the thousands digit of 1831?
1
What is the thousands digit of 13003?
3
What is the hundreds digit of 2941?
9
What is the units digit of 1911?
1
What is the thousands digit of 38054?
8
What is the tens digit of 641?
4
What is the thousands digit of 2041?
2
What is the tens digit of 1973?
7
What is the tens digit of 18901?
0
What is the thousands digit of 14214?
4
What is the units digit of 13999?
9
What is the hundreds digit of 55204?
2
What is the thousands digit of 40032?
0
What is the thousands digit of 1431?
1
What is the thousands digit of 2684?
2
What is the hundreds digit of 7524?
5
What is the units digit of 331?
1
What is the tens digit of 36546?
4
What is the thousands digit of 7214?
7
What is the hundreds digit of 218?
2
What is the tens digit of 1061?
6
What is the tens digit of 718?
1
What is the tens digit of 4997?
9
What is the hundreds digit of 1059?
0
What is the ten thousands digit of 120085?
2
What is the tens digit of 3277?
7
What is the ten thousands digit of 16198?
1
What is the hundreds digit of 1974?
9
What is the hundreds digit of 1895?
8
What is the tens digit of 32977?
7
What is the units digit of 3786?
6
What is the thousands digit of 6218?
6
What is the units digit of 13057?
7
What is the units digit of 26724?
4
What is the hundreds digit of 183?
1
What is the units digit of 6845?
5
What is the tens digit of 3630?
3
What is the tens digit of 71920?
2
What is the units digit of 1953?
3
What is the tens digit of 73?
7
What is the tens digit of 30021?
2
What is the thousands digit of 42141?
2
What is the hundreds digit of 1481?
4
What is the hundreds digit of 153066?
0
What is the tens digit of 65277?
7
What is the hundreds digit of 341?
3
What is the ten thousands digit of 40527?
4
What is the tens digit of 2866?
6
What is the ten thousands digit of 106180?
0
What is the hundreds digit of 3869?
8
What is the tens digit of 3087?
8
What is the tens digit of 6692?
9
What is the tens digit of 1985?
8
What is the hundreds digit of 1577?
5
What is the tens digit of 2147?
4
What is the units digit of 11618?
8
What is the hundreds digit of 665?
6
What is the tens digit of 277?
7
What is the thousands digit of 1316?
1
What is the tens digit of 790?
9
What is the hundreds digit of 4227?
2
What is the hundreds digit of 1094?
0
What is the hundreds digit of 170243?
2
What is the tens digit of 28962?
6
What is the units digit of 743?
3
What is the tens digit of 54756?
5
What is the thousands digit of 2129?
2
What is the tens digit of 152?
5
What is the units digit of 74272?
2
What is the hundreds digit of 1646?
6
What is the thousands digit of 7214?
7
What is the thousands digit of 4692?
4
What is the units digit of 29880?
0
What is the ten thousands digit of 20587?
2
What is the units digit of 7?
7
What is the hundreds digit of 942?
9
What is the units digit of 43807?
7
What is the units digit of 26373?
3
What is the hundreds digit of 6457?
4
What is the ten thousands digit of 38393?
3
What is the tens digit of 27987?
8
What is the hundreds digit of 554?
5
What is the thousands digit of 9278?
9
What is the ten thousands digit of 18961?
1
What is the hundreds digit of 104?
1
What is the tens digit of 4622?
2
What is the units digit of 20355?
5
What is the hundreds digit of 35032?
0
What is the ten thousands digit of 43830?
4
What is the units digit of 37?
7
What is the units digit of 7150?
0
What is the units digit of 39753?
3
What is the thousands digit of 12528?
2
What is the hundreds digit of 33408?
4
What is the hundreds digit of 6667?
6
What is the tens digit of 2803?
0
What is the tens digit of 719?
1
What is the hundreds digit of 3352?
3
What is the tens digit of 4789?
8
What is the ten thousands digit of 127527?
2
What is the tens digit of 7331?
3
What is the thousands digit of 4080?
4
What is the units digit of 131760?
0
What is the thousands digit of 2292?
2
What is the tens digit of 1135?
3
What is the tens digit of 25748?
4
What is the units digit of 133?
3
What is the units digit of 1175?
5
What is the thousands digit of 135497?
5
What is the hundreds digit of 545?
5
What is the tens digit of 1599?
9
What is the units digit of 9693?
3
What is the thousands digit of 2062?
2
What is the tens digit of 1464?
6
What is the units digit of 977?
7
What is the thousands digit of 138691?
8
What is the hundreds digit of 147941?
9
What is the thousands digit of 46698?
6
What is the units digit of 4267?
7
What is the hundreds digit of 948?
9
What is the tens digit of 1607?
0
What is the hundreds digit of 73483?
4
What is the hundreds digit of 2262?
2
What is 